-2*l - 8. List the prime factors of -22*(u - l - -2).
2, 11
Suppose 0 = 5*i - 11*i + 18. Suppose 137 = i*o + 5. What are the prime factors of o?
2, 11
Let s = 2 + 5. Suppose -3*n + s = -2. Suppose i = 3*i - n*a - 55, a = 3*i - 79. What are the prime factors of i?
2, 13
Let u(i) = 26*i - 3. Let y(r) = -53*r + 5. Let q(o) = 11*u(o) + 6*y(o). What are the prime factors of q(-3)?
3, 31
Let b(o) = -o**2 - 20*o + 22. Let a = 17 - 35. List the prime factors of b(a).
2, 29
Suppose 34*b = 40*b - 714. What are the prime factors of b?
7, 17
Suppose 6377 = 7*d + 1218. List the prime factors of d.
11, 67
Suppose -1046*w + 1036*w + 51050 = 0. What are the prime factors of w?
5, 1021
Suppose 2*y = 5*k - 6022, 4*y = -120*k + 121*k - 1190. List the prime factors of k.
2, 3, 67
Let l(n) = -3*n + 14. Let c be l(3). Suppose 11*t - 402 = c*t. What are the prime factors of t?
67
Let j be (-4)/14 - (-78)/273. Let n = -7 + 27. Suppose 4*z + 2*u - n = j, -3*z + 0*u + 24 = -3*u. What are the prime factors of z?
2, 3
Let l be (15/9)/((-3)/54). What are the prime factors of 12/l + 734/10?
73
Suppose 4*p + 0*p = -5*a - 23, 10 = -p + 3*a. Let z(j) = 7*j - 11. Let t(s) = -22*s + 32. Let d(i) = -2*t(i) - 7*z(i). List the prime factors of d(p).
2, 3
Suppose -2*p - 2*p - 760 = -5*q, -5*p = -3*q + 469. Let r(i) = -i**2 + 3*i. Let u be r(3). Suppose -4*m + u = -q. List the prime factors of m.
37
Let a(s) = -3*s**3 - 36*s**2 + 36*s + 9. Let i(l) = -2*l**3 - 24*l**2 + 24*l + 6. Let x(q) = -5*a(q) + 7*i(q). List the prime factors of x(-12).
3, 47
Suppose -w - 4*w = -10, 3*j - 3*w = 549. Suppose 5*u + 2*o - j = 0, u - 34 - 21 = -4*o. List the prime factors of u.
5, 7
Let s(q) = -q**2 + 4*q + 2. Let l be s(7). Let o = l + 38. Suppose 2*g - 4*g - h = -o, -2*g + 3*h + 31 = 0. List the prime factors of g.
11
Let u = -20 - -24. Suppose -104 = -2*o + 3*a, -260 = -0*o - 5*o + u*a. What are the prime factors of o?
2, 13
Let l be 3/(39/(-12) - -4). Suppose -l*k - 2*b = -196 - 76, 0 = -3*k - 5*b + 218. Let v = 0 + k. List the prime factors of v.
2, 3, 11
Let p be (-3)/((-4)/(8/6)). Let t(y) = 161*y**3 - 2*y**2 + 2*y - 1. Let k be t(p). List the prime factors of 120/(-100)*k/(-3).
2
Let q(r) = 4*r + 21*r**2 - 3*r - 22*r**2 + 8*r. Let n be q(9). Suppose n = 5*h - 0*h - 255. What are the prime factors of h?
3, 17
Suppose -5*l + 4*t = -1294, -18*l + 16*l = 4*t - 540. List the prime factors of l.
2, 131
Let z(v) = v**3 - 7*v**2 + 14*v - 4. Let j(d) = -d**3 + 3*d**2 - 7*d + 2. Let h(m) = 5*j(m) + 3*z(m). What are the prime factors of h(-5)?
3, 7
Let r = 298 + -110. Suppose r = 5*n + 4*s, 28 = 3*n + 4*s - 80. What are the prime factors of (n/(-15))/((-6)/9)?
2
Let b(y) = -y**3 - y**2. Let f be b(-1). Suppose f = 3*p - 4*n - 7, -7*n + 15 = p - 2*n. Let r(o) = -o**3 + 6*o**2 - 1. What are the prime factors of r(p)?
2, 3
Suppose 88 = 4*z - k - k, 0 = -2*z - 5*k + 32. Suppose 4*y - z = y. List the prime factors of y.
7
Let g = -7 + 9. Let f be (-2 + (0 - g))*-1. Let x(b) = b**2 + 2*b - 5. List the prime factors of x(f).
19
Let b(k) = -8*k - 8. Let l(m) = 8*m + 9. Let f = 17 + -15. Let v(a) = f*b(a) + 3*l(a). What are the prime factors of v(6)?
59
Let q be 0 + (-2)/(-2) - -82. Let d = -144 - -93. Let h = q + d. List the prime factors of h.
2
List the prime factors of (1/6)/((-2)/(-204)).
17
Suppose -n - n + 12 = 0. Let k be (-16)/(-6)*n/4. What are the prime factors of 1 + 1 - (-132)/k?
5, 7
Let i(s) = -s**2 - 26*s - 28. Let o be i(-16). Let b = 210 - o. What are the prime factors of b?
2, 3, 13
Suppose 3*n - 35 = -2*n. Let p(o) = -o**2 + 8*o - 4. What are the prime factors of p(n)?
3
Suppose -o = 2*l - 8, -17 = -4*l + 4*o - 1. Let q be (6/(-4))/((-1)/(-2)). List the prime factors of 23*(q - l/(-1)).
23
Suppose 3*m - 1850 = 4*f, 2*m + 3*f - 460 - 796 = 0. What are the prime factors of m?
2, 311
List the prime factors of 12/8 - 21469/(-14)*3.
2, 3, 13, 59
Suppose -5*x + 5*r + 945 = 0, 3*r + 4 = -11. Suppose 154 = 4*h - 2*y, 0 = 4*h + 5*y + 9 - x. Let f = 71 - h. What are the prime factors of f?
31
Suppose -5*r + 3920 = 2*q + 422, -r - 3*q + 697 = 0. What are the prime factors of r?
2, 5, 7
Suppose 2*b - 290 + 78 = 0. List the prime factors of b.
2, 53
What are the prime factors of (7/(-2) - -2) + 11740/40?
2, 73
Let w(v) = -25*v - 27. Suppose 11*j = -25 - 41. What are the prime factors of w(j)?
3, 41
Suppose 4*p = -p + 40. Suppose 18 = -p*f - 14. Let k(q) = 3*q**2 + 9*q + 1. What are the prime factors of k(f)?
13
Suppose -4*w + 2*t + 18 = 0, 0 = -3*w - 5*t + t - 3. Suppose w*p = p + 238. What are the prime factors of p?
7, 17
What are the prime factors of (-7012)/(-6) - (-52)/156?
7, 167
Let m(k) be the second derivative of k**5/20 - k**4/3 - k**3/6 - 4*k**2 + 8*k. List the prime factors of m(5).
2, 3
Suppose 11*f + 264 = 14*f. Let b = f + -27. What are the prime factors of b?
61
Let q(s) = 6*s**2 + 18*s. List the prime factors of q(-11).
2, 3, 11
Let r(u) = u**3 - 2*u**2 + 2*u + 8. Let l be r(4). Suppose 351 = 3*w - l. What are the prime factors of w?
7, 19
Let l be 2/5 - 92/(-20). Let q(j) = -2*j + 0*j + 2*j**2 + 2 + l*j. List the prime factors of q(-4).
2, 11
Let t(o) = 51*o - 4. Let r be t(3). Let x = -67 + r. List the prime factors of x.
2, 41
Let q = -8 + 12. Suppose -q*o = -0*o - 16. List the prime factors of o.
2
Let j = 26 - 22. Suppose -2 = -l + j. List the prime factors of (l + -2)*8/2.
2
What are the prime factors of (-90)/1485 + 29603/33?
3, 13, 23
Let t(b) = -b**3 + 11*b**2 - 13*b + 9. Suppose -x + 37 = 29. What are the prime factors of t(x)?
97
Let b be 4 + -5*2/(-5). Let n(h) = -h**2 + 18*h + 11. What are the prime factors of n(b)?
83
Let d(w) = w**2 + 4*w + 6. Let y be d(-8). Suppose 2*p = -0*p - 10, -3*g = -p - y. What are the prime factors of g?
11
Let x = -1050 - -1497. List the prime factors of x.
3, 149
Let p(t) = -218*t - 2. Let u be p(-1). Suppose 2*c + 72 = u. List the prime factors of c.
2, 3
Let o(w) = -w - 5. Let m(q) = -1. Let v(r) = 2*m(r) - o(r). What are the prime factors of v(8)?
11
Let k = -202 - -287. What are the prime factors of k?
5, 17
Let u(k) = k + 1. Let d be u(-1). Suppose -3*o - o - 176 = d. Let l = 80 + o. What are the prime factors of l?
2, 3
Let t = 126 - 65. Suppose 0 = -n + 23 + t. Suppose -n = -3*o - o. List the prime factors of o.
3, 7
List the prime factors of (48/(-9))/(8/(-4116)).
2, 7
Let c be 14/35 + (-28)/(-5). Let m(o) = -o**3 + 5*o**2 + o + 6. Let v be m(c). Let i = v - -57. What are the prime factors of i?
3, 11
Suppose 9*o + 2*v = 5*o - 2, -4 = 5*o + 3*v. List the prime factors of -20*((o + 0)/(-1))/1.
2, 5
Suppose 0 = -3*y + 2*r - 8, 5*y - 2*r - r = -15. Let m = 7 + y. Let q(s) = 2*s**3 + s. What are the prime factors of q(m)?
3
Let d be (1 + 0)/((-11)/(-99)). Let g(b) = b**3 - 8*b**2 - b - 4. What are the prime factors of g(d)?
2, 17
Let h(g) = -16*g - 20. What are the prime factors of h(-23)?
2, 3, 29
Suppose -5*k + 160 = -3*t, 5*t = 3*k - 35 - 77. Let r = 29 - k. Suppose r = 2*q - 27 - 19. What are the prime factors of q?
23
Let u = 7 - -1017. What are the prime factors of u?
2
Suppose -488 = -12*r + 16*r. Let c = 227 + r. Suppose 0 = -3*d - 9 + c. What are the prime factors of d?
2
Let z(s) = s**3 - 4*s**2 - 7*s + 27. Let w be z(4). What are the prime factors of w/((-266)/344 + (-12)/(-16))?
43
What are the prime factors of (-25)/((-275)/28842) + -7?
5, 523
Let f(c) = -8*c - 2. Let b be f(1). Let d(a) = -a + 2. Let m be d(b). What are the prime factors of 8 + 9/m*4?
11
List the prime factors of 2/(-2) - (-21 + -228).
2, 31
What are the prime factors of 214025/150 + -4*4/(-96)?
1427
Suppose -5*t - 5 = 0, 4*x - 8*x + t + 9649 = 0. What are the prime factors of x?
2, 3, 67
Suppose 3*y - 21 = -5*s - 68, y = 5*s - 9. What are the prime factors of (y/4 - -1)*-68?
2, 5, 17
Suppose 3*q - 2*r - 930 = r, -3*r = -15. Let g = q - 209. What are the prime factors of g?
2, 53
Suppose -4*k - k + 16 = 2*z, 5*k = 2*z + 4. Suppose y - k*y + 41 = 0. What are the prime factors of y?
41
Let l(t) = -t**3 + 26*t**2 + 45*t. What are the prime factors of l(25)?
2, 5, 7
Suppose 5*a - 1 = 9. Suppose -b - 3*c = 0, -a*c - 22 = 2*b - 6. List the prime factors of (424/b)/(4/(-6)).
53
Suppose -4*y + 844 = 4*f, -4*y - f + 659 = -179. List the prime factors of y.
11, 19